is divided by 17.
14
What is the remainder when 116 is divided by 108?
8
Calculate the remainder when 307 is divided by 95.
22
What is the remainder when 230 is divided by 48?
38
What is the remainder when 1385 is divided by 173?
1
Calculate the remainder when 26902 is divided by 57.
55
What is the remainder when 1042 is divided by 515?
12
What is the remainder when 203 is divided by 11?
5
What is the remainder when 373 is divided by 126?
121
Calculate the remainder when 546 is divided by 61.
58
What is the remainder when 206 is divided by 106?
100
What is the remainder when 54 is divided by 35?
19
What is the remainder when 515 is divided by 40?
35
Calculate the remainder when 274 is divided by 41.
28
What is the remainder when 428 is divided by 139?
11
What is the remainder when 332 is divided by 20?
12
Calculate the remainder when 151 is divided by 37.
3
Calculate the remainder when 719 is divided by 98.
33
Calculate the remainder when 7152 is divided by 15.
12
Calculate the remainder when 129 is divided by 20.
9
Calculate the remainder when 49 is divided by 38.
11
Calculate the remainder when 3851 is divided by 18.
17
What is the remainder when 266 is divided by 86?
8
What is the remainder when 113 is divided by 15?
8
Calculate the remainder when 115 is divided by 108.
7
What is the remainder when 441 is divided by 61?
14
What is the remainder when 109 is divided by 56?
53
What is the remainder when 1507 is divided by 29?
28
What is the remainder when 13776 is divided by 42?
0
Calculate the remainder when 1097 is divided by 46.
39
Calculate the remainder when 2145 is divided by 4.
1
Calculate the remainder when 3504 is divided by 253.
215
What is the remainder when 686 is divided by 245?
196
What is the remainder when 1294 is divided by 13?
7
Calculate the remainder when 522 is divided by 344.
178
Calculate the remainder when 84 is divided by 26.
6
What is the remainder when 3263 is divided by 26?
13
What is the remainder when 211 is divided by 41?
6
What is the remainder when 874 is divided by 78?
16
What is the remainder when 206 is divided by 9?
8
Calculate the remainder when 144 is divided by 74.
70
Calculate the remainder when 206 is divided by 70.
66
Calculate the remainder when 999 is divided by 24.
15
Calculate the remainder when 675 is divided by 152.
67
What is the remainder when 1053 is divided by 44?
41
Calculate the remainder when 2798 is divided by 919.
41
Calculate the remainder when 1263 is divided by 23.
21
Calculate the remainder when 329 is divided by 49.
35
What is the remainder when 233 is divided by 111?
11
What is the remainder when 343 is divided by 15?
13
What is the remainder when 130 is divided by 66?
64
Calculate the remainder when 3836 is divided by 19.
17
Calculate the remainder when 616 is divided by 91.
70
Calculate the remainder when 3245 is divided by 7.
4
Calculate the remainder when 30 is divided by 12.
6
What is the remainder when 354 is divided by 120?
114
Calculate the remainder when 1118 is divided by 7.
5
What is the remainder when 877 is divided by 5?
2
Calculate the remainder when 2625 is divided by 644.
49
What is the remainder when 2447 is divided by 79?
77
What is the remainder when 623 is divided by 105?
98
What is the remainder when 219 is divided by 31?
2
Calculate the remainder when 314 is divided by 76.
10
What is the remainder when 213 is divided by 17?
9
What is the remainder when 120 is divided by 61?
59
What is the remainder when 287 is divided by 269?
18
What is the remainder when 11 is divided by 6?
5
What is the remainder when 163 is divided by 12?
7
Calculate the remainder when 825 is divided by 339.
147
Calculate the remainder when 22857 is divided by 11.
10
What is the remainder when 514 is divided by 3?
1
Calculate the remainder when 1023 is divided by 18.
15
What is the remainder when 1535 is divided by 508?
11
Calculate the remainder when 365 is divided by 36.
5
What is the remainder when 1269 is divided by 53?
50
What is the remainder when 45 is divided by 16?
13
Calculate the remainder when 10354 is divided by 12.
10
What is the remainder when 431 is divided by 62?
59
Calculate the remainder when 1079 is divided by 23.
21
Calculate the remainder when 921 is divided by 921.
0
Calculate the remainder when 129 is divided by 47.
35
What is the remainder when 1934 is divided by 88?
86
What is the remainder when 397 is divided by 45?
37
What is the remainder when 77 is divided by 21?
14
Calculate the remainder when 1047 is divided by 517.
13
What is the remainder when 8 is divided by 7?
1
What is the remainder when 174 is divided by 96?
78
Calculate the remainder when 228 is divided by 82.
64
What is the remainder when 832 is divided by 379?
74
What is the remainder when 135 is divided by 8?
7
Calculate the remainder when 17498 is divided by 175.
173
Calculate the remainder when 355 is divided by 60.
55
What is the remainder when 545 is divided by 61?
57
What is the remainder when 25 is divided by 14?
11
Calculate the remainder when 2668 is divided by 30.
28
Calculate the remainder when 2484 is divided by 177.
6
Calculate the remainder when 3000 is divided by 19.
17
What is the remainder when 4583 is divided by 12?
11
Calculate the remainder when 4155 is divided by 11.
8
Calculate the remainder when 5765 is divided by 28.
25
Calculate the remainder when 2349 is divided by 8.
5
What is the remainder when 9043 is divided by 266?
265
Calculate the remainder when 5290 is divided by 67.
64
What is the remainder when 649 is divided by 130?
129
What is the remainder when 40 is divided by 11?
7
Calculate the remainder when 753 is divided by 58.
57
Calculate the remainder when 720 is divided by 143.
5
What is the remainder when 19541 is divided by 56?
53
Calculate the remainder when 628 is divided by 65.
43
Calculate the remainder when 126 is divided by 45.
36
What is the remainder when 4845 is divided by 101?
98
What is the remainder when 622 is divided by 143?
50
Calculate the remainder when 14 is divided by 14.
0
What is the remainder when 1330 is divided by 4?
2
Calculate the remainder when 2126 is divided by 133.
131
What is the remainder when 192 is divided by 186?
6
What is the remainder when 516 is divided by 59?
44
What is the remainder when 1542 is divided by 36?
30
Calculate the remainder when 85 is divided by 27.
4
What is the remainder when 245 is divided by 66?
47
Calculate the remainder when 445 is divided by 13.
3
Calculate the remainder when 352 is divided by 34.
12
Calculate the remainder when 791 is divided by 157.
6
Calculate the remainder when 135 is divided by 67.
1
What is the remainder when 1191 is divided by 18?
3
What is the remainder when 1392 is divided by 364?
300
Calculate the remainder when 118 is divided by 40.
38
What is the remainder when 6871 is divided by 7?
4
Calculate the remainder when 219 is divided by 94.
31
What is the remainder when 862 is divided by 170?
12
What is the remainder when 184 is divided by 49?
37
Calculate the remainder when 87 is divided by 13.
9
Calculate the remainder when 265 is divided by 14.
13
Calculate the remainder when 827 is divided by 247.
86
Calculate the remainder when 483 is divided by 27.
24
Calculate the remainder when 295 is divided by 287.
8
What is the remainder when 224 is divided by 10?
4
Calculate the remainder when 793 is divided by 141.
88
Calculate the remainder when 27 is divided by 17.
10
What is the remainder when 1804 is divided by 13?
10
Calculate the remainder when 192 is divided by 40.
32
What is the remainder when 50 is divided by 17?
16
What is the remainder when 138 is divided by 47?
44
What is the remainder when 7219 is divided by 31?
27
Calculate the remainder when 5183 is divided by 61.
59
Calculate the remainder when 3767 is divided by 11.
5
Calculate the remainder when 1518 is divided by 31.
30
Calculate the remainder when 41940 is divided by 49.
45
Calculate the remainder when 147 is divided by 48.
3
Calculate the remainder when 175 is divided by 60.
55
Calculate the remainder when 14274 is divided by 43.
41
What is the remainder when 724 is divided by 40?
4
What is the remainder when 532 is divided by 120?
52
What is the remainder when 2073 is divided by 80?
73
Calculate the remainder wh